{"id":24,"date":"2019-06-10T15:32:43","date_gmt":"2019-06-10T15:32:43","guid":{"rendered":"http:\/\/dpsg-ingelheim.de\/?page_id=24"},"modified":"2024-07-03T07:31:24","modified_gmt":"2024-07-03T07:31:24","slug":"start","status":"publish","type":"page","link":"https:\/\/dpsg-ingelheim.de\/","title":{"rendered":"Mehr als ein Abenteuer: Pfadfinder*in!"},"content":{"rendered":"\n<p><em>Herzlich Willkommen auf der Internetseite der Deutschen Pfadfinderschaft Sankt Georg Ingelheim, Stamm Nikolaus von Fl\u00fce!<\/em><\/p>\n\n\n\n<p><em>Jede Woche treffen sich unsere vier Altersstufen zu ihren Gruppenstunden und fahren immer wieder zu Ausfl\u00fcgen oder Lagern in die Natur &#8211; denn ohne Abenteuer w\u00e4re das Leben t\u00f6dlich langweilig.<\/em><\/p>\n\n\n\n<p><em>Allzeit Bereit,<br>deine Pfadfinder*innen vom Stamm Nikolaus von Fl\u00fce Ingelheim<\/em><\/p>\n\n\n\n<div class=\"wp-block-group is-content-justification-center is-nowrap is-layout-flex wp-container-core-group-is-layout-1 wp-block-group-is-layout-flex\">\n<div id=\"wp-block-themeisle-blocks-font-awesome-icons-93e9085d\" class=\"wp-block-themeisle-blocks-font-awesome-icons\"><span class=\"wp-block-themeisle-blocks-font-awesome-icons-container\"><i class=\"fas fa-star\"><\/i><\/span><\/div>\n\n\n\n<div id=\"wp-block-themeisle-blocks-font-awesome-icons-2813e08f\" class=\"wp-block-themeisle-blocks-font-awesome-icons\"><span class=\"wp-block-themeisle-blocks-font-awesome-icons-container\"><i class=\"fas fa-star\"><\/i><\/span><\/div>\n\n\n\n<div id=\"wp-block-themeisle-blocks-font-awesome-icons-9192cc8e\" class=\"wp-block-themeisle-blocks-font-awesome-icons\"><span class=\"wp-block-themeisle-blocks-font-awesome-icons-container\"><i class=\"fas fa-star\"><\/i><\/span><\/div>\n\n\n\n<div id=\"wp-block-themeisle-blocks-font-awesome-icons-c5e47c30\" class=\"wp-block-themeisle-blocks-font-awesome-icons\"><span class=\"wp-block-themeisle-blocks-font-awesome-icons-container\"><i class=\"fas fa-star\"><\/i><\/span><\/div>\n\n\n\n<div id=\"wp-block-themeisle-blocks-font-awesome-icons-cb6a5d81\" class=\"wp-block-themeisle-blocks-font-awesome-icons\"><span class=\"wp-block-themeisle-blocks-font-awesome-icons-container\"><i class=\"fas fa-star\"><\/i><\/span><\/div>\n<\/div>\n\n\n\n<div id=\"wp-block-themeisle-blocks-advanced-columns-3b5c5bad\" class=\"wp-block-themeisle-blocks-advanced-columns has-4-columns has-desktop-equal-layout has-tablet-equal-layout has-mobile-collapsedRows-layout has-vertical-unset\"><div class=\"wp-block-themeisle-blocks-advanced-columns-overlay\"><\/div><div class=\"innerblocks-wrap\">\n<div id=\"wp-block-themeisle-blocks-advanced-column-357cfe1f\" class=\"wp-block-themeisle-blocks-advanced-column\">\n<div id=\"wp-block-themeisle-blocks-font-awesome-icons-b28db31f\" class=\"wp-block-themeisle-blocks-font-awesome-icons\"><span class=\"wp-block-themeisle-blocks-font-awesome-icons-container\"><i class=\"fas fa-child\"><\/i><\/span><\/div>\n<\/div>\n\n\n\n<div id=\"wp-block-themeisle-blocks-advanced-column-5e73aa88\" class=\"wp-block-themeisle-blocks-advanced-column\">\n<div id=\"wp-block-themeisle-blocks-font-awesome-icons-7151915b\" class=\"wp-block-themeisle-blocks-font-awesome-icons\"><span class=\"wp-block-themeisle-blocks-font-awesome-icons-container\"><i class=\"fas fa-campground\"><\/i><\/span><\/div>\n<\/div>\n\n\n\n<div id=\"wp-block-themeisle-blocks-advanced-column-2e845a69\" class=\"wp-block-themeisle-blocks-advanced-column\">\n<div id=\"wp-block-themeisle-blocks-font-awesome-icons-a1987f9d\" class=\"wp-block-themeisle-blocks-font-awesome-icons\"><span class=\"wp-block-themeisle-blocks-font-awesome-icons-container\"><i class=\"fas fa-fire\"><\/i><\/span><\/div>\n<\/div>\n\n\n\n<div id=\"wp-block-themeisle-blocks-advanced-column-08d449d7\" class=\"wp-block-themeisle-blocks-advanced-column\">\n<div id=\"wp-block-themeisle-blocks-font-awesome-icons-26a61dd5\" class=\"wp-block-themeisle-blocks-font-awesome-icons\"><span class=\"wp-block-themeisle-blocks-font-awesome-icons-container\"><i class=\"far fa-compass\"><\/i><\/span><\/div>\n<\/div>\n<\/div><\/div>\n\n\n\n<div id=\"wp-block-themeisle-blocks-advanced-columns-48a9b3c6\" class=\"wp-block-themeisle-blocks-advanced-columns alignfull has-1-columns has-desktop-equal-layout has-tablet-equal-layout has-mobile-equal-layout has-vertical-unset has-light-bg\"><div class=\"wp-block-themeisle-blocks-advanced-columns-overlay\"><\/div><div class=\"innerblocks-wrap\">\n<div id=\"wp-block-themeisle-blocks-advanced-column-891d35b4\" class=\"wp-block-themeisle-blocks-advanced-column has-light-bg\">\n<h2 id=\"wp-block-themeisle-blocks-advanced-heading-baa47001\" class=\"wp-block-themeisle-blocks-advanced-heading wp-block-themeisle-blocks-advanced-heading-baa47001\">Einblicke<\/h2>\n\n\n<div class=\"wp-block-themeisle-blocks-posts-grid\" id=\"wp-block-themeisle-blocks-posts-grid-651df884\"><div class=\"is-grid o-posts-grid-columns-3\"><div class=\"o-posts-grid-post-blog o-posts-grid-post-plain\"><div class=\"o-posts-grid-post\"><div class=\"o-posts-grid-post-image\"><a href=\"https:\/\/dpsg-ingelheim.de\/?p=150\"><img loading=\"lazy\" decoding=\"async\" width=\"2560\" height=\"1704\" src=\"https:\/\/dpsg-ingelheim.de\/wp-content\/uploads\/2024\/07\/pfadfinderinnen_und_pfadfinder_am_lagerfeuer_christian_schnaubelt-scaled.jpg\" class=\"attachment-full size-full\" alt=\"\" srcset=\"https:\/\/dpsg-ingelheim.de\/wp-content\/uploads\/2024\/07\/pfadfinderinnen_und_pfadfinder_am_lagerfeuer_christian_schnaubelt-scaled.jpg 2560w, https:\/\/dpsg-ingelheim.de\/wp-content\/uploads\/2024\/07\/pfadfinderinnen_und_pfadfinder_am_lagerfeuer_christian_schnaubelt-300x200.jpg 300w, https:\/\/dpsg-ingelheim.de\/wp-content\/uploads\/2024\/07\/pfadfinderinnen_und_pfadfinder_am_lagerfeuer_christian_schnaubelt-1024x682.jpg 1024w, https:\/\/dpsg-ingelheim.de\/wp-content\/uploads\/2024\/07\/pfadfinderinnen_und_pfadfinder_am_lagerfeuer_christian_schnaubelt-768x511.jpg 768w, https:\/\/dpsg-ingelheim.de\/wp-content\/uploads\/2024\/07\/pfadfinderinnen_und_pfadfinder_am_lagerfeuer_christian_schnaubelt-1536x1022.jpg 1536w, https:\/\/dpsg-ingelheim.de\/wp-content\/uploads\/2024\/07\/pfadfinderinnen_und_pfadfinder_am_lagerfeuer_christian_schnaubelt-2048x1363.jpg 2048w, https:\/\/dpsg-ingelheim.de\/wp-content\/uploads\/2024\/07\/pfadfinderinnen_und_pfadfinder_am_lagerfeuer_christian_schnaubelt-930x620.jpg 930w\" sizes=\"(max-width: 2560px) 100vw, 2560px\" \/><\/a><\/div><div class=\"o-posts-grid-post-body\"><span class=\"o-posts-grid-post-category\"><a href=\"https:\/\/dpsg-ingelheim.de\/?cat=5\">Zeltlager<\/a><\/span><h5 class=\"o-posts-grid-post-title\"><a href=\"https:\/\/dpsg-ingelheim.de\/?p=150\">zwischen den D\u00fcnen durch ein Wildgehege gepirscht<\/a><\/h5><p class=\"o-posts-grid-post-meta\">Posted on <time datetime=\"2023-09-30T15:34:00+00:00\">September 30, 2023<\/time> by <a href=\"https:\/\/dpsg-ingelheim.de\/?author=3\">Marcel Ru\u00df<\/a><\/p><\/div><\/div><\/div><div class=\"o-posts-grid-post-blog o-posts-grid-post-plain\"><div class=\"o-posts-grid-post\"><div class=\"o-posts-grid-post-image\"><a href=\"https:\/\/dpsg-ingelheim.de\/?p=136\"><img loading=\"lazy\" decoding=\"async\" width=\"2560\" height=\"1920\" src=\"https:\/\/dpsg-ingelheim.de\/wp-content\/uploads\/2024\/07\/IMG_3638-scaled.jpg\" class=\"attachment-full size-full\" alt=\"\" srcset=\"https:\/\/dpsg-ingelheim.de\/wp-content\/uploads\/2024\/07\/IMG_3638-scaled.jpg 2560w, https:\/\/dpsg-ingelheim.de\/wp-content\/uploads\/2024\/07\/IMG_3638-300x225.jpg 300w, https:\/\/dpsg-ingelheim.de\/wp-content\/uploads\/2024\/07\/IMG_3638-1024x768.jpg 1024w, https:\/\/dpsg-ingelheim.de\/wp-content\/uploads\/2024\/07\/IMG_3638-768x576.jpg 768w, https:\/\/dpsg-ingelheim.de\/wp-content\/uploads\/2024\/07\/IMG_3638-1536x1152.jpg 1536w, https:\/\/dpsg-ingelheim.de\/wp-content\/uploads\/2024\/07\/IMG_3638-2048x1536.jpg 2048w\" sizes=\"(max-width: 2560px) 100vw, 2560px\" \/><\/a><\/div><div class=\"o-posts-grid-post-body\"><span class=\"o-posts-grid-post-category\"><a href=\"https:\/\/dpsg-ingelheim.de\/?cat=3\">Aktion<\/a><\/span><h5 class=\"o-posts-grid-post-title\"><a href=\"https:\/\/dpsg-ingelheim.de\/?p=136\">Pfadfinden in Ingelheim in Zeiten von physischer Distanz<\/a><\/h5><p class=\"o-posts-grid-post-meta\">Posted on <time datetime=\"2020-06-16T15:29:18+00:00\">Juni 16, 2020<\/time> by <a href=\"https:\/\/dpsg-ingelheim.de\/?author=4\">Konrad Graebner<\/a><\/p><\/div><\/div><\/div><div class=\"o-posts-grid-post-blog o-posts-grid-post-plain\"><div class=\"o-posts-grid-post\"><div class=\"o-posts-grid-post-image\"><a href=\"https:\/\/dpsg-ingelheim.de\/?p=39\"><img loading=\"lazy\" decoding=\"async\" width=\"2560\" height=\"1707\" src=\"https:\/\/dpsg-ingelheim.de\/wp-content\/uploads\/2024\/07\/pfadfinderinnen_und_pfadfinder_in_westernohe_tobias_regesch-scaled.jpg\" class=\"attachment-full size-full\" alt=\"\" srcset=\"https:\/\/dpsg-ingelheim.de\/wp-content\/uploads\/2024\/07\/pfadfinderinnen_und_pfadfinder_in_westernohe_tobias_regesch-scaled.jpg 2560w, https:\/\/dpsg-ingelheim.de\/wp-content\/uploads\/2024\/07\/pfadfinderinnen_und_pfadfinder_in_westernohe_tobias_regesch-300x200.jpg 300w, https:\/\/dpsg-ingelheim.de\/wp-content\/uploads\/2024\/07\/pfadfinderinnen_und_pfadfinder_in_westernohe_tobias_regesch-1024x683.jpg 1024w, https:\/\/dpsg-ingelheim.de\/wp-content\/uploads\/2024\/07\/pfadfinderinnen_und_pfadfinder_in_westernohe_tobias_regesch-768x512.jpg 768w, https:\/\/dpsg-ingelheim.de\/wp-content\/uploads\/2024\/07\/pfadfinderinnen_und_pfadfinder_in_westernohe_tobias_regesch-1536x1024.jpg 1536w, https:\/\/dpsg-ingelheim.de\/wp-content\/uploads\/2024\/07\/pfadfinderinnen_und_pfadfinder_in_westernohe_tobias_regesch-2048x1365.jpg 2048w, https:\/\/dpsg-ingelheim.de\/wp-content\/uploads\/2024\/07\/pfadfinderinnen_und_pfadfinder_in_westernohe_tobias_regesch-930x620.jpg 930w\" sizes=\"(max-width: 2560px) 100vw, 2560px\" \/><\/a><\/div><div class=\"o-posts-grid-post-body\"><span class=\"o-posts-grid-post-category\"><a href=\"https:\/\/dpsg-ingelheim.de\/?cat=6\">Stufen<\/a><\/span><h5 class=\"o-posts-grid-post-title\"><a href=\"https:\/\/dpsg-ingelheim.de\/?p=39\">Neue W\u00f6lflingsmeute ab Mai 2019<\/a><\/h5><p class=\"o-posts-grid-post-meta\">Posted on <time datetime=\"2019-06-10T15:41:27+00:00\">Juni 10, 2019<\/time> by <a href=\"https:\/\/dpsg-ingelheim.de\/?author=1\">murdock<\/a><\/p><\/div><\/div><\/div><\/div> <\/div><\/div>\n<\/div><\/div>\n\n\n\n<div class=\"wp-block-group\"><div class=\"wp-block-group__inner-container is-layout-flow wp-block-group-is-layout-flow\">\n<h2 id=\"wp-block-themeisle-blocks-advanced-heading-3d531d99\" class=\"wp-block-themeisle-blocks-advanced-heading wp-block-themeisle-blocks-advanced-heading-3d531d99\">Was uns ausmacht<\/h2>\n\n\n\n<div class=\"wp-block-columns is-layout-flex wp-container-core-columns-is-layout-1 wp-block-columns-is-layout-flex\">\n<div class=\"wp-block-column is-layout-flow wp-block-column-is-layout-flow\">\n<div id=\"wp-block-themeisle-blocks-font-awesome-icons-426eb010\" class=\"wp-block-themeisle-blocks-font-awesome-icons\"><span class=\"wp-block-themeisle-blocks-font-awesome-icons-container\"><i class=\"fas fa-globe-europe\"><\/i><\/span><\/div>\n\n\n\n<p class=\"has-text-align-center\"><strong>International<\/strong><\/p>\n\n\n\n<p class=\"has-text-align-center\"><em>Als Pfadfinder*innen sind wir durch gemeinsame Ziele und Werte mit anderen Gleichgesinnten auf der ganzen Welt verbunden. Durch Kontakte und Begegnungen mit unterschiedlichen L\u00e4ndern und Kulturen versuchen wir mit kleinen Schritten Frieden und Verst\u00e4ndigung unter den Menschen zu f\u00f6rdern.<\/em><\/p>\n<\/div>\n\n\n\n<div class=\"wp-block-column is-layout-flow wp-block-column-is-layout-flow\">\n<div id=\"wp-block-themeisle-blocks-font-awesome-icons-03987031\" class=\"wp-block-themeisle-blocks-font-awesome-icons\"><span class=\"wp-block-themeisle-blocks-font-awesome-icons-container\"><i class=\"fas fa-leaf\"><\/i><\/span><\/div>\n\n\n\n<p class=\"has-text-align-center\"><strong>\u00d6kologisch<\/strong><\/p>\n\n\n\n<p class=\"has-text-align-center\"><em>Wir kommen unserer \u00f6kologischen und \u00f6konomischen Verantwortung nach und setzen uns f\u00fcr einen sorgsamen Umgang mit der Sch\u00f6pfung ein. Wir leben einfach und umweltbewusst und fordern den Einsatz f\u00fcr eine nachhaltig gesicherte Zukunft. Wir \u00fcbernehmen Verantwortung f\u00fcr die eigene Gesundheit, sowie f\u00fcr unserer Mitglieder und Mitmenschen.<\/em><\/p>\n<\/div>\n\n\n\n<div class=\"wp-block-column is-layout-flow wp-block-column-is-layout-flow\">\n<div id=\"wp-block-themeisle-blocks-font-awesome-icons-cbc48566\" class=\"wp-block-themeisle-blocks-font-awesome-icons\"><span class=\"wp-block-themeisle-blocks-font-awesome-icons-container\"><i class=\"fas fa-people-arrows\"><\/i><\/span><\/div>\n\n\n\n<p class=\"has-text-align-center\"><strong>Gerecht<\/strong><\/p>\n\n\n\n<p class=\"has-text-align-center\"><em>Die DPSG ist inklusiv. Die W\u00fcrde und Einzigartigkeit eines Jeden, sowie die M\u00f6glichkeit der Entfaltung und das Erm\u00f6glichen das eigene Leben selbstbestimmt zu gestalten auf Grundlage des christlichen Menschenbildes ist unser Ziel.<\/em><\/p>\n<\/div>\n<\/div>\n<\/div><\/div>\n","protected":false},"excerpt":{"rendered":"<p>Herzlich Willkommen auf der Internetseite der Deutschen Pfadfinderschaft Sankt Georg Ingelheim, Stamm Nikolaus von Fl\u00fce! Jede Woche treffen sich unsere vier Altersstufen zu ihren Gruppenstunden und fahren immer wieder zu Ausfl\u00fcgen oder Lagern in die Natur &#8211; denn ohne Abenteuer w\u00e4re das Leben t\u00f6dlich langweilig. Allzeit Bereit,deine Pfadfinder*innen vom Stamm Nikolaus von Fl\u00fce Ingelheim International&hellip;&nbsp;<a href=\"https:\/\/dpsg-ingelheim.de\/\" class=\"\" rel=\"bookmark\">Weiterlesen &raquo;<span class=\"screen-reader-text\">Mehr als ein Abenteuer: Pfadfinder*in!<\/span><\/a><\/p>\n","protected":false},"author":1,"featured_media":316,"parent":0,"menu_order":0,"comment_status":"closed","ping_status":"closed","template":"","meta":{"neve_meta_sidebar":"","neve_meta_container":"","neve_meta_enable_content_width":"","neve_meta_content_width":0,"neve_meta_title_alignment":"","neve_meta_author_avatar":"","neve_post_elements_order":"","neve_meta_disable_header":"","neve_meta_disable_footer":"","neve_meta_disable_title":"","neve_meta_reading_time":"","_themeisle_gutenberg_block_has_review":false,"footnotes":""},"_links":{"self":[{"href":"https:\/\/dpsg-ingelheim.de\/index.php?rest_route=\/wp\/v2\/pages\/24"}],"collection":[{"href":"https:\/\/dpsg-ingelheim.de\/index.php?rest_route=\/wp\/v2\/pages"}],"about":[{"href":"https:\/\/dpsg-ingelheim.de\/index.php?rest_route=\/wp\/v2\/types\/page"}],"author":[{"embeddable":true,"href":"https:\/\/dpsg-ingelheim.de\/index.php?rest_route=\/wp\/v2\/users\/1"}],"replies":[{"embeddable":true,"href":"https:\/\/dpsg-ingelheim.de\/index.php?rest_route=%2Fwp%2Fv2%2Fcomments&post=24"}],"version-history":[{"count":23,"href":"https:\/\/dpsg-ingelheim.de\/index.php?rest_route=\/wp\/v2\/pages\/24\/revisions"}],"predecessor-version":[{"id":332,"href":"https:\/\/dpsg-ingelheim.de\/index.php?rest_route=\/wp\/v2\/pages\/24\/revisions\/332"}],"wp:featuredmedia":[{"embeddable":true,"href":"https:\/\/dpsg-ingelheim.de\/index.php?rest_route=\/wp\/v2\/media\/316"}],"wp:attachment":[{"href":"https:\/\/dpsg-ingelheim.de\/index.php?rest_route=%2Fwp%2Fv2%2Fmedia&parent=24"}],"curies":[{"name":"wp","href":"https:\/\/api.w.org\/{rel}","templated":true}]}}